en 16 is divided by q.
4
What is the remainder when 503 is divided by -3 - (-1 - 70 - (-40)/8)?
62
Suppose -3*z - 3*x + 203 = z, 153 = 3*z + 3*x. Suppose -z = -j - 17. Suppose 2*k - m = j, -m + 21 = 4*k - 60. Calculate the remainder when 35 is divided by k.
16
Let h = 30 + 8. Suppose -n + 2*v + h = 11, -177 = -5*n - 4*v. Calculate the remainder when 197 is divided by n.
32
Let g(i) = -i**3 + 4*i**2 - 4*i + 3. Let h be g(2). Suppose h*p - 27 = 21. What is the remainder when 31 is divided by p?
15
Let z(o) be the third derivative of o**6/120 + 11*o**5/60 - o**4/2 + 2*o**3/3 - 19*o**2 + 2. What is the remainder when 55 is divided by z(-12)?
3
Let q = -87 + 124. Let j = q - 36. What is the remainder when 1 is divided by j?
0
Suppose -3*z - 4 = -2*a, -2*a - 5*z = -z - 32. Let x = -71 + 100. Let w = 60 - x. Calculate the remainder when w is divided by a.
7
Let n be (4 - (-58)/(-5))*-5. Suppose -n = -4*b + 5*l, 0 = -3*l - 1 - 5. Calculate the remainder when 9 is divided by b.
2
Suppose 3*y + 94 = 133. Calculate the remainder when 50 is divided by y.
11
Let s = -116 - -126. Suppose 6*n = s*n - 408. What is the remainder when n is divided by 7?
4
Let p = 262 - 241. Let n = -4 - -11. Suppose 4*j - p = n. Calculate the remainder when 20 is divided by j.
6
Let q(a) = 10 - a - 4 - 3*a**2 + 2*a**2 + 0*a. What is the remainder when 13 is divided by q(-2)?
1
Suppose -5*k - 10 + 0 = 0. Let g = 17 + k. Let a = g - -28. Calculate the remainder when a is divided by 15.
13
Let r = -36418 - -36435. Suppose n + 4*n = 665. What is the remainder when n is divided by r?
14
Suppose -k + 3*k = x - 7, -4*k + 3*x = 9. What is the remainder when 42 is divided by (4/k)/((-8)/132)?
9
Let h = -16 + 1. Let x be (-1086)/(-15) + 6/h. Suppose 3*i = -5*b + 54, -3*i - b + x = i. What is the remainder when i is divided by 10?
8
Suppose -n - 1519 = -3*z, 33*n - 2560 = -5*z + 29*n. What is the remainder when z is divided by 30?
28
Let b(j) = -3*j - 20. Let v be b(-6). Let s(d) = -d - 2*d - 2*d**2 + 6*d**2 - 3. Calculate the remainder when 54 is divided by s(v).
16
Suppose -3*k = -29 - 43. Let x = 50 - k. Calculate the remainder when 103 is divided by x.
25
Let f(y) = y**3 - 17*y**2 + 2*y - 33. Let l be f(17). What is the remainder when 45 - (1 + -1)/1 is divided by l/4 - (55/(-4) + 2)?
9
Suppose -32 + 34 = h. Calculate the remainder when 3 is divided by h.
1
Let t(u) = 13*u**2 + 4. Let q be t(-2). Suppose -572 = q*n - 60*n. What is the remainder when n is divided by 36?
35
Let l(i) = -4*i**3 + i**2 + 2*i + 2. Let o be l(-1). Suppose -o*g + g + 60 = 0. What is the remainder when 41 is divided by g?
11
What is the remainder when (-2)/(-10) + (-33784)/(-205) is divided by 12?
9
Let r(v) = -v**2 + 15*v + 25. What is the remainder when 147 is divided by r(15)?
22
Let y = 25 + -21. Suppose -6*d = -y*d - 32. Suppose 0*s + d = 4*s. Calculate the remainder when 5 is divided by s.
1
Let h(w) = -5*w + 4. Let v be 1/2 - 28/8. Let g = 36 - 26. Calculate the remainder when h(v) is divided by g.
9
Suppose 0 = 2381*o - 2374*o - 35. What is the remainder when 36 is divided by o?
1
Let y = 3 - -34. Let p(f) = -f**3 - f**2 + 12*f + 3. Let v be p(-7). Suppose -9*t = -v + 42. Calculate the remainder when y is divided by t.
18
Suppose 12*x + 84 = d + 13*x, -d - 4*x = -99. Calculate the remainder when d is divided by 49.
30
Let l = -346 - -400. What is the remainder when l is divided by 9?
0
Suppose 6*r + 101 = 875. What is the remainder when r is divided by 9?
3
Calculate the remainder when (-432)/15*40/(-3) + 5 is divided by 30.
29
Calculate the remainder when 39 is divided by (-6)/(-2) - (-33 - -29).
4
Let j be (6 - 5)*(-2 - (1 + 1)). What is the remainder when 64 is divided by 8 + (-7 - j) + 19?
16
Let q(v) be the first derivative of -25*v**4/2 - v**3/3 - v**2/2 - v - 22. Let t(r) = r**2 - 5*r + 7. Calculate the remainder when q(-1) is divided by t(6).
10
Let w be (2/3)/((-7)/63). What is the remainder when (-1)/(-5) - 2*398/(-20) is divided by -7*(-3)/w*-6?
19
Let f = 34 + 1. Let g be (1/3)/1 + (-60)/(-9). What is the remainder when f is divided by ((-36)/g)/(22/(-77))?
17
Let y = -36 - -116. Let k = y + -62. What is the remainder when 53 is divided by k?
17
Let h = -4 + 8. Let n = 214 - 137. Suppose 4*m - 25 = 4*x - n, -44 = -h*x + 2*m. Calculate the remainder when x is divided by 2.
1
What is the remainder when 30 is divided by (-102)/187 + (-1582)/(-77)?
10
Let b(m) = -5*m + 127. Calculate the remainder when b(24) is divided by 3.
1
Suppose -3*p = -3*j + 48, -4*p + j = 44 + 26. Let f be 1858/p - (-12)/54. Let w = f + 179. Calculate the remainder when w is divided by 26.
24
Let m(t) = -t**2 + 7*t + 10. Let q be m(8). Suppose -3*b + 4*v + 22 = -0, -b = -4*v - q. What is the remainder when 29 is divided by b?
9
What is the remainder when 21 is divided by -14 + 30 + ((-10)/1)/2?
10
Suppose -4*d + 2094 = z + z, 2*d - 4*z = 1042. Suppose 0 = 9*i - d - 701. Calculate the remainder when i is divided by 46.
44
Let u(l) = -l**3 + 6*l**2 + l - 2. Let b be (-4 - (-6 - -3))/(-1). Calculate the remainder when 21/(-14)*-4*b is divided by u(6).
2
Let g(m) = -m**3 - 3*m**2 - 8*m - 2. Let a be 5/3*-3 + -1. Calculate the remainder when g(a) is divided by 52.
50
Let g(q) = 1460*q**2 - 49*q + 48. What is the remainder when g(1) is divided by 77?
73
Let s(g) = 4 - 3 + 0 + 2*g - 8. What is the remainder when 6 is divided by s(6)?
1
Let v(a) = a + 10. Let w = 94 - 38. Suppose -12*f + 8*f + w = 0. What is the remainder when f is divided by v(-5)?
4
Let p = -862 + 896. Calculate the remainder when 185 is divided by p.
15
Suppose -19*x = -18*x - 22. What is the remainder when x is divided by 5?
2
Let c be (-7)/(2 - 39/21). Let j = 98 + c. What is the remainder when j is divided by 13?
10
Suppose 2*q + 5*s = 80 - 24, -4*q + 2*s = -64. Suppose -8*c - 5 = -5. What is the remainder when (22/2 + c)*(-9)/(-3) is divided by q?
15
Let j(o) = -681*o + 31. What is the remainder when j(-2) is divided by 93?
91
Suppose -150 = -29*z + 4*z. Let u be (3/2)/((-3)/(-6)). Suppose -5*o = u*j - 91, -j = j + 4*o - 64. What is the remainder when j is divided by z?
4
Let u be (-6)/(-24) + 94/8. Suppose -m - 99 = -4*d + 4*m, 3*m = -2*d + 33. Calculate the remainder when d is divided by (-4 + 2)/((-2)/u).
9
Suppose -2*r + 648 = 2*d, 4*d + 3*r = 1648 - 350. What is the remainder when d is divided by 84?
74
Let s(q) = 7*q**2 - 19*q - 19. Let n(i) = 3*i**2 - 9*i - 9. Let g(p) = 5*n(p) - 2*s(p). Calculate the remainder when g(15) is divided by 19.
18
Suppose -4*r + 4*y = -1468, -r + 4*y = -269 - 89. Calculate the remainder when r is divided by 15.
10
Let x(r) = -r**3 + 10*r**2 + 14*r + 8. What is the remainder when 52 is divided by x(11)?
11
Suppose -2*t + 5*l = -40, 56 = 4*t + 6*l - 4*l. Suppose 4*o - 32 + 96 = 0. Calculate the remainder when 147/7*(0 - o/6) is divided by t.
11
Suppose 4*i + 31 = 3. Let n(h) = h**2 + 6*h - 5. Let y be n(i). Suppose -y*r + 20 = -0*r. What is the remainder when 17 is divided by r?
7
Let d = -280 + 314. What is the remainder when 203 is divided by d?
33
Calculate the remainder when 175 is divided by 3164/70 - 1/5.
40
Let h be 2 - 7/(-28)*(-8)/1. Suppose h = 2*q - 2*f - 210, -4*f - f + 411 = 4*q. Calculate the remainder when q is divided by 35.
34
Let a = -6 + 11. Suppose u = -4*j + 35, -34 = -a*j + 3*u - u. Calculate the remainder when 21 is divided by j.
5
Let f(v) = -v - 7. Let b be f(-6). What is the remainder when ((-3)/(-12))/(3/372) is divided by b*16*2/(-4)?
7
Suppose 3*u + 9 + 1 = -5*k, -4*k + 29 = -5*u. What is the remainder when 37 is divided by (-2)/(115/25 + u)?
2
Suppose 4*a = p + 402, -3*p = a + 3*a - 410. Calculate the remainder when a is divided by 28.
17
Let y(d) = -d**2. Let m be y(2). Let t = 24 + m. Suppose -83 + 368 = 5*r. What is the remainder when r is divided by t?
17
Let j(c) = -4*c + 124. What is the remainder when j(-57) is divided by 90?
82
Let f = 17 + -267. What is the remainder when 8/36 - f/9 is divided by 5?
3
Let v = -166 + 198. Calculate the remainder when 221 is divided by v.
29
Suppose 0 = -2*u, 29 + 63 = 4*k - 3*u. What is the remainder when k is divided by 6?
5
Let c(k) = -k**2 - 24*k + 30. Calculate the remainder when c(-23) is divided by 14.
11
Let a = -47 - -52. Suppose -a*k - 